{"id":10,"date":"2025-11-05T00:26:35","date_gmt":"2025-11-05T00:26:35","guid":{"rendered":"https:\/\/aviana.axessdata.se\/index.php\/varukorg\/"},"modified":"2025-11-05T05:18:02","modified_gmt":"2025-11-05T05:18:02","slug":"varukorg","status":"publish","type":"page","link":"https:\/\/aviana.axessdata.se\/index.php\/varukorg\/","title":{"rendered":"Varukorg"},"content":{"rendered":"\n<div data-block-name=\"woocommerce\/cart\" class=\"wp-block-woocommerce-cart alignwide is-loading\">\n<div data-block-name=\"woocommerce\/filled-cart-block\" class=\"wp-block-woocommerce-filled-cart-block\">\n<div data-block-name=\"woocommerce\/cart-items-block\" class=\"wp-block-woocommerce-cart-items-block\">\n<div data-block-name=\"woocommerce\/cart-line-items-block\" class=\"wp-block-woocommerce-cart-line-items-block\"><\/div>\n\n\n<\/div>\n\n\n\n\n<div data-block-name=\"woocommerce\/cart-totals-block\" class=\"wp-block-woocommerce-cart-totals-block\">\n<div data-block-name=\"woocommerce\/cart-order-summary-block\" class=\"wp-block-woocommerce-cart-order-summary-block\">\n<div data-block-name=\"woocommerce\/cart-order-summary-heading-block\" class=\"wp-block-woocommerce-cart-order-summary-heading-block\"><\/div><div data-block-name=\"woocommerce\/cart-order-summary-coupon-form-block\" class=\"wp-block-woocommerce-cart-order-summary-coupon-form-block\"><\/div><div data-block-name=\"woocommerce\/cart-order-summary-totals-block\" class=\"wp-block-woocommerce-cart-order-summary-totals-block\">\n<div data-block-name=\"woocommerce\/cart-order-summary-subtotal-block\" class=\"wp-block-woocommerce-cart-order-summary-subtotal-block\"><\/div>\n<div data-block-name=\"woocommerce\/cart-order-summary-discount-block\" class=\"wp-block-woocommerce-cart-order-summary-discount-block\"><\/div>\n<div data-block-name=\"woocommerce\/cart-order-summary-fee-block\" class=\"wp-block-woocommerce-cart-order-summary-fee-block\"><\/div>\n<div data-block-name=\"woocommerce\/cart-order-summary-shipping-block\" class=\"wp-block-woocommerce-cart-order-summary-shipping-block\"><\/div>\n<div data-block-name=\"woocommerce\/cart-order-summary-taxes-block\" class=\"wp-block-woocommerce-cart-order-summary-taxes-block\"><\/div><\/div>\n<\/div>\n\n\n\n<div data-block-name=\"woocommerce\/cart-express-payment-block\" class=\"wp-block-woocommerce-cart-express-payment-block\"><\/div>\n\n\n\n<div data-block-name=\"woocommerce\/proceed-to-checkout-block\" class=\"wp-block-woocommerce-proceed-to-checkout-block\"><\/div>\n\n\n\n<div data-block-name=\"woocommerce\/cart-accepted-payment-methods-block\" class=\"wp-block-woocommerce-cart-accepted-payment-methods-block\"><\/div>\n<\/div>\n<\/div>\n\n\n\n<div data-block-name=\"woocommerce\/empty-cart-block\" class=\"wp-block-woocommerce-empty-cart-block\">\n<h2 class=\"wp-block-heading has-text-align-center with-empty-cart-icon wc-block-cart__empty-cart__title\">Din varukorg \u00e4r f\u00f6r n\u00e4rvarande tom!<\/h2>\n\n\n\n<hr class=\"wp-block-separator has-alpha-channel-opacity is-style-dots\"\/>\n\n\n\n<h2 class=\"wp-block-heading has-text-align-center\">Nytt i butik<\/h2>\n\n\n<div data-block-name=\"woocommerce\/product-new\" data-columns=\"4\" data-rows=\"1\" class=\"wc-block-grid wp-block-product-new wp-block-woocommerce-product-new wc-block-product-new has-4-columns\"><ul class=\"wc-block-grid__products\"><li class=\"wc-block-grid__product\">\n\t\t\t\t<a href=\"https:\/\/aviana.axessdata.se\/index.php\/produkt\/galangal-powder\/\" class=\"wc-block-grid__product-link\">\n\t\t\t\t\t\n\t\t\t\t\t<div class=\"wc-block-grid__product-image\"><img loading=\"lazy\" decoding=\"async\" width=\"300\" height=\"300\" src=\"https:\/\/aviana.axessdata.se\/wp-content\/uploads\/2017\/09\/product-9-300x300.jpg\" class=\"attachment-woocommerce_thumbnail size-woocommerce_thumbnail\" alt=\"a\" srcset=\"https:\/\/aviana.axessdata.se\/wp-content\/uploads\/2017\/09\/product-9-300x300.jpg 300w, https:\/\/aviana.axessdata.se\/wp-content\/uploads\/2017\/09\/product-9-150x150.jpg 150w, https:\/\/aviana.axessdata.se\/wp-content\/uploads\/2017\/09\/product-9-550x550.jpg 550w, https:\/\/aviana.axessdata.se\/wp-content\/uploads\/2017\/09\/product-9-100x100.jpg 100w\" sizes=\"auto, (max-width: 300px) 100vw, 300px\" \/><\/div>\n\t\t\t\t\t<div class=\"wc-block-grid__product-title\">Galangal Powder<\/div>\n\t\t\t\t<\/a>\n\t\t\t\t<div class=\"wc-block-grid__product-price price\"><span class=\"woocommerce-Price-amount amount\"><span class=\"woocommerce-Price-currencySymbol\">&#036;<\/span>17.00<\/span><\/div>\n\t\t\t\t<div class=\"wc-block-grid__product-rating\"><div class=\"star-rating\" role=\"img\" aria-label=\"Betygsatt 4.00 av 5\"><span style=\"width:80%\">Betygsatt <strong class=\"rating\">4.00<\/strong> av 5 baserat p\u00e5 <span class=\"rating\">1<\/span> kundrecension<\/span><\/div><\/div>\n\t\t\t\t<div class=\"wp-block-button wc-block-grid__product-add-to-cart\"><a href=\"https:\/\/aviana.axessdata.se\/index.php\/produkt\/galangal-powder\/\" aria-label=\"L\u00e4s mer om \u201dGalangal Powder\u201d\" data-quantity=\"1\" data-product_id=\"1157\" data-product_sku=\"009\" data-price=\"17\" rel=\"nofollow\" class=\"wp-block-button__link  add_to_cart_button\">L\u00e4s mer<\/a><\/div>\n\t\t\t<\/li><li class=\"wc-block-grid__product\">\n\t\t\t\t<a href=\"https:\/\/aviana.axessdata.se\/index.php\/produkt\/berry-soap-bar\/\" class=\"wc-block-grid__product-link\">\n\t\t\t\t\t\n\t\t\t\t\t<div class=\"wc-block-grid__product-image\"><img loading=\"lazy\" decoding=\"async\" width=\"300\" height=\"300\" src=\"https:\/\/aviana.axessdata.se\/wp-content\/uploads\/2017\/09\/h9-product-11-1-300x300.jpg\" class=\"attachment-woocommerce_thumbnail size-woocommerce_thumbnail\" alt=\"a\" srcset=\"https:\/\/aviana.axessdata.se\/wp-content\/uploads\/2017\/09\/h9-product-11-1-300x300.jpg 300w, https:\/\/aviana.axessdata.se\/wp-content\/uploads\/2017\/09\/h9-product-11-1-150x150.jpg 150w, https:\/\/aviana.axessdata.se\/wp-content\/uploads\/2017\/09\/h9-product-11-1-550x550.jpg 550w, https:\/\/aviana.axessdata.se\/wp-content\/uploads\/2017\/09\/h9-product-11-1-100x100.jpg 100w\" sizes=\"auto, (max-width: 300px) 100vw, 300px\" \/><\/div>\n\t\t\t\t\t<div class=\"wc-block-grid__product-title\">Berry Soap Bar<\/div>\n\t\t\t\t<\/a>\n\t\t\t\t<div class=\"wc-block-grid__product-price price\"><span class=\"woocommerce-Price-amount amount\"><span class=\"woocommerce-Price-currencySymbol\">&#036;<\/span>10.00<\/span><\/div>\n\t\t\t\t<div class=\"wc-block-grid__product-rating\"><div class=\"star-rating\" role=\"img\" aria-label=\"Betygsatt 4.00 av 5\"><span style=\"width:80%\">Betygsatt <strong class=\"rating\">4.00<\/strong> av 5 baserat p\u00e5 <span class=\"rating\">1<\/span> kundrecension<\/span><\/div><\/div>\n\t\t\t\t<div class=\"wp-block-button wc-block-grid__product-add-to-cart\"><a href=\"\/index.php\/wp-json\/wp\/v2\/pages\/10?add-to-cart=782\" aria-label=\"L\u00e4gg till i varukorgen: \u201dBerry Soap Bar\u201d\" data-quantity=\"1\" data-product_id=\"782\" data-product_sku=\"020\" data-price=\"10\" rel=\"nofollow\" class=\"wp-block-button__link  add_to_cart_button ajax_add_to_cart\">L\u00e4gg till i varukorg<\/a><\/div>\n\t\t\t<\/li><li class=\"wc-block-grid__product\">\n\t\t\t\t<a href=\"https:\/\/aviana.axessdata.se\/index.php\/produkt\/cocoa-bean-soap\/\" class=\"wc-block-grid__product-link\">\n\t\t\t\t\t\n\t\t\t\t\t<div class=\"wc-block-grid__product-image\"><img loading=\"lazy\" decoding=\"async\" width=\"300\" height=\"300\" src=\"https:\/\/aviana.axessdata.se\/wp-content\/uploads\/2017\/09\/h9-product-10-300x300.jpg\" class=\"attachment-woocommerce_thumbnail size-woocommerce_thumbnail\" alt=\"a\" srcset=\"https:\/\/aviana.axessdata.se\/wp-content\/uploads\/2017\/09\/h9-product-10-300x300.jpg 300w, https:\/\/aviana.axessdata.se\/wp-content\/uploads\/2017\/09\/h9-product-10-150x150.jpg 150w, https:\/\/aviana.axessdata.se\/wp-content\/uploads\/2017\/09\/h9-product-10-550x550.jpg 550w, https:\/\/aviana.axessdata.se\/wp-content\/uploads\/2017\/09\/h9-product-10-100x100.jpg 100w\" sizes=\"auto, (max-width: 300px) 100vw, 300px\" \/><\/div>\n\t\t\t\t\t<div class=\"wc-block-grid__product-title\">Cocoa Bean Soap<\/div>\n\t\t\t\t<\/a>\n\t\t\t\t<div class=\"wc-block-grid__product-price price\"><span class=\"woocommerce-Price-amount amount\"><span class=\"woocommerce-Price-currencySymbol\">&#036;<\/span>10.00<\/span><\/div>\n\t\t\t\t<div class=\"wc-block-grid__product-rating\"><div class=\"star-rating\" role=\"img\" aria-label=\"Betygsatt 4.00 av 5\"><span style=\"width:80%\">Betygsatt <strong class=\"rating\">4.00<\/strong> av 5 baserat p\u00e5 <span class=\"rating\">1<\/span> kundrecension<\/span><\/div><\/div>\n\t\t\t\t<div class=\"wp-block-button wc-block-grid__product-add-to-cart\"><a href=\"\/index.php\/wp-json\/wp\/v2\/pages\/10?add-to-cart=781\" aria-label=\"L\u00e4gg till i varukorgen: \u201dCocoa Bean Soap\u201d\" data-quantity=\"1\" data-product_id=\"781\" data-product_sku=\"019\" data-price=\"10\" rel=\"nofollow\" class=\"wp-block-button__link  add_to_cart_button ajax_add_to_cart\">L\u00e4gg till i varukorg<\/a><\/div>\n\t\t\t<\/li><li class=\"wc-block-grid__product\">\n\t\t\t\t<a href=\"https:\/\/aviana.axessdata.se\/index.php\/produkt\/rose-soap\/\" class=\"wc-block-grid__product-link\">\n\t\t\t\t\t\n\t\t\t\t\t<div class=\"wc-block-grid__product-image\"><img loading=\"lazy\" decoding=\"async\" width=\"300\" height=\"300\" src=\"https:\/\/aviana.axessdata.se\/wp-content\/uploads\/2017\/09\/h9-product-9-300x300.jpg\" class=\"attachment-woocommerce_thumbnail size-woocommerce_thumbnail\" alt=\"a\" srcset=\"https:\/\/aviana.axessdata.se\/wp-content\/uploads\/2017\/09\/h9-product-9-300x300.jpg 300w, https:\/\/aviana.axessdata.se\/wp-content\/uploads\/2017\/09\/h9-product-9-150x150.jpg 150w, https:\/\/aviana.axessdata.se\/wp-content\/uploads\/2017\/09\/h9-product-9-550x550.jpg 550w, https:\/\/aviana.axessdata.se\/wp-content\/uploads\/2017\/09\/h9-product-9-100x100.jpg 100w\" sizes=\"auto, (max-width: 300px) 100vw, 300px\" \/><\/div>\n\t\t\t\t\t<div class=\"wc-block-grid__product-title\">Rose Soap<\/div>\n\t\t\t\t<\/a>\n\t\t\t\t<div class=\"wc-block-grid__product-price price\"><span class=\"woocommerce-Price-amount amount\"><span class=\"woocommerce-Price-currencySymbol\">&#036;<\/span>10.00<\/span><\/div>\n\t\t\t\t<div class=\"wc-block-grid__product-rating\"><div class=\"star-rating\" role=\"img\" aria-label=\"Betygsatt 5.00 av 5\"><span style=\"width:100%\">Betygsatt <strong class=\"rating\">5.00<\/strong> av 5 baserat p\u00e5 <span class=\"rating\">1<\/span> kundrecension<\/span><\/div><\/div>\n\t\t\t\t<div class=\"wp-block-button wc-block-grid__product-add-to-cart\"><a href=\"\/index.php\/wp-json\/wp\/v2\/pages\/10?add-to-cart=780\" aria-label=\"L\u00e4gg till i varukorgen: \u201dRose Soap\u201d\" data-quantity=\"1\" data-product_id=\"780\" data-product_sku=\"018\" data-price=\"10\" rel=\"nofollow\" class=\"wp-block-button__link  add_to_cart_button ajax_add_to_cart\">L\u00e4gg till i varukorg<\/a><\/div>\n\t\t\t<\/li><\/ul><\/div><\/div>\n<\/div>\n","protected":false},"excerpt":{"rendered":"Du kanske \u00e4r intresserad av \u2026 Din varukorg \u00e4r f\u00f6r n\u00e4rvarande tom! Nytt i butik","protected":false},"author":1,"featured_media":0,"parent":0,"menu_order":0,"comment_status":"closed","ping_status":"closed","template":"","meta":{"footnotes":""},"class_list":["post-10","page","type-page","status-publish","hentry"],"_links":{"self":[{"href":"https:\/\/aviana.axessdata.se\/index.php\/wp-json\/wp\/v2\/pages\/10","targetHints":{"allow":["GET"]}}],"collection":[{"href":"https:\/\/aviana.axessdata.se\/index.php\/wp-json\/wp\/v2\/pages"}],"about":[{"href":"https:\/\/aviana.axessdata.se\/index.php\/wp-json\/wp\/v2\/types\/page"}],"author":[{"embeddable":true,"href":"https:\/\/aviana.axessdata.se\/index.php\/wp-json\/wp\/v2\/users\/1"}],"replies":[{"embeddable":true,"href":"https:\/\/aviana.axessdata.se\/index.php\/wp-json\/wp\/v2\/comments?post=10"}],"version-history":[{"count":1,"href":"https:\/\/aviana.axessdata.se\/index.php\/wp-json\/wp\/v2\/pages\/10\/revisions"}],"predecessor-version":[{"id":2862,"href":"https:\/\/aviana.axessdata.se\/index.php\/wp-json\/wp\/v2\/pages\/10\/revisions\/2862"}],"wp:attachment":[{"href":"https:\/\/aviana.axessdata.se\/index.php\/wp-json\/wp\/v2\/media?parent=10"}],"curies":[{"name":"wp","href":"https:\/\/api.w.org\/{rel}","templated":true}]}}